 -5 - (1 + 0) - -2. Let j = u - y. Give d(j).
-4
Let c(o) = 68*o**2 + o - 3 - 8*o + 69*o**2 - 138*o**2. What is c(-5)?
7
Let x(n) = n**2 - 3. Let y = -4 - -21. Suppose 4*b + y = 5. Calculate x(b).
6
Let q(i) = i**2 + 4*i + 4. Let m be 2/4 + (-21)/(-6). Suppose m*j + 3*c = -3, -4*j = j - 3*c - 30. Suppose -2*o = -j*w + 18, 7 = -5*o - w - w. Calculate q(o).
1
Let u(i) = 2*i + 7. Let o be u(-6). Let s(n) = -2*n**3 + 9*n**2 + 2*n + 3. Let t(b) = -3*b**3 + 17*b**2 + 5*b + 6. Let x(v) = 5*s(v) - 3*t(v). Determine x(o).
-3
Let u(h) be the first derivative of -h**3 - h**2 + h - 4. What is u(1)?
-4
Let t(h) = -h**2 + 4*h + 3. Let l = 16 - 10. Determine t(l).
-9
Let l = -18 - -21. Let z(q) be the first derivative of -2*q**3/3 + 2*q**2 - q - 1. Determine z(l).
-7
Let n = -9 + 4. Let d(m) = m**3 + 6*m**2 + 7*m + 3. What is d(n)?
-7
Let i(m) = 2*m**2 + 12*m - 18*m + 10*m + 2 + 0. Determine i(-2).
2
Let z = -37 - -36. Let m(o) = -20*o**3 - o**2 - o. Calculate m(z).
20
Let s be (0 + -2)*1 - -1. Let a be (-3 - s - -2) + -2. Let n(j) = -4*j. Give n(a).
8
Let k(x) = -2*x + 7. Let i = 44 - 37. What is k(i)?
-7
Let z be (1 - 0)*(0 + 3). Let o(b) = 4*b - 4*b - 2*b**2 + b**2 + 1 + b. Determine o(z).
-5
Let s(a) = -a**3 + 5*a**2 + a - 6. Let c be s(5). Let t(b) = -8*b**2. Calculate t(c).
-8
Let q = -60 + 66. Let h(t) = -t - 2. Give h(q).
-8
Let b(k) = -24 - 5*k + 4*k + 17. Determine b(-8).
1
Let w(z) = 8*z + 4. Let a(g) = -9*g - 5. Let u(v) = 5*a(v) + 6*w(v). What is u(1)?
2
Let q(o) = 2*o**2 - 12*o + 1. Let p be q(6). Let w(i) = 8*i**2 - i. Determine w(p).
7
Let w(r) = -2 + 2*r - 4*r + 5*r. Let i(a) = -2*a - 4. Let n be i(-4). Let t(f) = -f**3 + 5*f**2 - 4*f - 2. Let d be t(n). Give w(d).
-8
Let s(j) = -j**3 + 4*j**2 - 4*j + 2. Let v be (-1 + (-44)/(-12))/(4/6). Calculate s(v).
-14
Let p(t) = 2*t - 3. Let z be (25/3 + 1)*3. Suppose d - 9 = 3*w, -3*w = w + 4*d + z. Let s = w + 9. Determine p(s).
7
Let n = 3 - 0. Let r(k) = -n*k - 1 + 2*k - 2*k + 2*k. Let c = -6 - -2. What is r(c)?
3
Let a(k) be the first derivative of k**2/2 - 2*k - 4. Suppose -n - 52 = 3*n. Let q be n/(-5) + 2/5. Determine a(q).
1
Let d(k) = k - 6. Suppose -4*o + 1 + 7 = 0. Suppose -o = 2*b + 2*r, -2*r - r = -5*b - 37. Give d(b).
-11
Let p(b) = 7*b**2 - 8*b**2 - 1 - 5*b + 0 - 1. Let w = 8 + -13. Determine p(w).
-2
Suppose -l - 2*l + 27 = 0. Let q = -3 + l. Let p(f) be the third derivative of f**6/120 - f**5/10 - f**4/12 + 7*f**3/6 - 44*f**2. Give p(q).
-5
Let o = 0 + 1. Let j(n) = -5*n**3 - 3*n**2 - n + 4. Let r(b) = -b**2 + 1. Let s(c) = j(c) - 3*r(c). Let w be s(o). Let m(l) = -l**2 - 7*l - 3. Give m(w).
7
Let u(q) = 0 + q + 2 + 2. Let p = 9 - 12. Give u(p).
1
Let r(x) = x**3 - 7*x**2 + 7*x - 1. Let q be r(6). Let y(n) = -3*n + 7. Determine y(q).
-8
Let z = 4 - 2. Let o(k) = -15*k**z + 14*k + 1 - 14*k. Determine o(-1).
-14
Let a(m) = m + 7. Let c(q) = -5*q + 46. Let k be c(11). Give a(k).
-2
Let a(z) = z**2 - 5*z - 1. Suppose 2*m + 3 = -3*c + 61, 0 = 4*c - 3*m - 49. Let x be ((-5)/(-4))/(4/c). Suppose 13 = 2*k + x. Give a(k).
-5
Let h = -12 + 8. Let o(q) = -q - 3. Determine o(h).
1
Let y(a) = a**3 + 4*a**2 + 10*a + 7. Let t(i) = i + 1. Let m(q) = 6*t(q) - y(q). Let d be m(-3). Let b be (2/5)/(d/(-10)). Let h(f) = -f - 1. What is h(b)?
1
Let w(c) = -7*c**2 + 17*c - 10. Let p(d) = -10*d**2 + 25*d - 15. Let y(v) = 5*p(v) - 7*w(v). What is y(7)?
-12
Let l(j) = j**3 - 6*j**2 - 7*j - 3. Let b be l(7). Let o(i) be the third derivative of i**4/24 + i**3/6 + 5*i**2. What is o(b)?
-2
Let d be ((-4)/(-6))/(4/18). Let m(x) = 11*x + 15. Let h(z) = z + 1. Let q(o) = -6*h(o) + m(o). Let u(f) = 2*f + 3. Let s(y) = d*q(y) - 8*u(y). Calculate s(3).
0
Let u(f) = -2*f - 1 + f**2 - 1 + 0*f - 2*f**2. Calculate u(-2).
-2
Suppose 7 = -2*o + 3*c, -c + 5*c - 8 = 4*o. Let b(a) = 0*a**2 + o + 2*a**3 + 0*a**2. Let d(t) = -t**2 + 5*t + 1. Let v be d(5). Determine b(v).
3
Let m(q) = -11*q**2 + 16*q**2 - 4*q**2 - 2*q + 1 - 4*q**2 + q**3. Calculate m(2).
-7
Let p = -49 - -46. Let k(o) = 5*o + 2. Give k(p).
-13
Suppose 5*f - 11 - 19 = 0. Let a be (1/1)/((-3)/(-9)). Let g(m) = -m**2 - a + 4*m + 2 + 8. Determine g(f).
-5
Suppose 2*b + 4 = -2*b. Let o = b - 0. Let m(h) = -h + 1. Determine m(o).
2
Let w(d) = 5 + d**2 + 0 - 5 + 1. Calculate w(3).
10
Let t(d) be the first derivative of -d**3/3 - d**2/2 - 7*d + 3. Let j = 3 + -3. Give t(j).
-7
Suppose -5*l - 2 + 17 = 0. Suppose -1 + 5 = -z - 2*t, -l*z = -4*t + 22. Let g(y) = -y**2 - 8*y - 7. Calculate g(z).
5
Let a(c) be the third derivative of -1/120*c**6 + 0 - 3*c**2 + 0*c**3 - 1/12*c**4 + 0*c + 1/12*c**5. What is a(2)?
8
Let c(m) = m**2 - 3*m - 3. Let j = 10 + -7. Let d(g) = -g**3 + 6*g**2 - 7*g + 5. Let h be d(5). Let l be 0/j - h - 1. What is c(l)?
1
Let x(p) = -p**2 - 10. Let f = 17 - 6. Let i = 11 - f. Determine x(i).
-10
Suppose h - 7 = -5*o, -3*h + 4*h - 1 = o. Let k(g) = 2*g**3 + 5*g**2 - g - 1. Let q(p) = p**3 + 1. Let w(n) = o*k(n) - q(n). What is w(-5)?
3
Let c(a) = -10 - a + 2*a + 2. Let l be c(6). Let g(z) = -4*z**2 - 3*z + 3*z**2 - z**2 - 2. Give g(l).
-4
Let u(o) = 0*o + 2*o - 4 + 5 - 2. Calculate u(-5).
-11
Let c(r) = -6*r**3 - 3*r**3 + 8*r**3 - 7*r + 6 + 7*r**2. Suppose 5*f - 4*g - g - 35 = 0, 2*f + 4*g - 8 = 0. Calculate c(f).
0
Let i(l) = -l + 3. Suppose 2*x + 12 = 20. What is i(x)?
-1
Suppose 0*p + 4*p + 36 = 0. Let t(n) = n**3 + 8*n**2 - 8*n + 11. Let j be t(p). Let f(c) = -7*c - 1. Determine f(j).
-15
Let d(v) be the second derivative of v**5/20 - v**4/2 - v**2 + 16*v. Give d(6).
-2
Let y = -10 + 14. Let s(g) be the third derivative of -g**4/24 + 5*g**3/6 - 5*g**2. Determine s(y).
1
Let r(h) = 2*h - 2*h - h**2 + 5 - 6*h + 3*h. What is r(-4)?
1
Let h(a) = -2*a. Suppose -3 = 3*i - 0. Let v be h(i). Let f(m) = -2*m - 22 + 22. Give f(v).
-4
Suppose 5*h - 22 = 13. Let b = -4 + h. Let x(z) = 1 - 2*z + 0 - 3*z**b + 2*z**2 + 0*z. Give x(1).
-2
Let h(d) = d**3 + 5*d**2 + 4. Let g be (50/15)/(6/(-9)). Give h(g).
4
Let d(s) = 2*s**2 + 3 - 2*s + 2*s**3 - 3*s**3 + 0*s. Let l(v) = -3*v**3 - 2*v**2 + 5*v + 6. Let k be l(-1). Determine d(k).
-1
Let c(j) = 2 + 2 + 2 - 6*j - j**2. Let x = 12 + -18. Give c(x).
6
Let x(n) = 1. Let w(p) = -2*p**2 + p - 5. Let u(y) = w(y) + 4*x(y). Determine u(1).
-2
Suppose -2 = 2*v + 5*j, 3*j + 4 = -4*v - 2*j. Let k(m) = -6*m**3 - m**2 - m. Let r be k(v). Let c(q) = -r*q**2 + q**3 - q**2 + 2*q**2. Determine c(5).
0
Let b(l) be the third derivative of 0 - 2*l**2 + 0*l + 1/3*l**3 + 1/30*l**5 - 1/24*l**4 - 1/60*l**6. Determine b(2).
-8
Let m(f) = 2*f**2 + 20*f + 2. Let i be m(-10). Let j(q) = 5*q**2 - 4*q + 3. Calculate j(i).
15
Let f(d) = 1 - d**2 + 9*d - 1 + 2 - 8. What is f(7)?
8
Let p be (5/(-3))/(3/9). Let c = -5 - p. Suppose 5*o + 10 = c, 5*f - o - 24 = o. Let g(z) = z**3 - 4*z**2 + 5. What is g(f)?
5
Let b(q) = q**3 - 8*q**2 - 10*q + 15. Let v be b(9). Let k(t) = t**3 - 7*t**2 + 4*t + 2. Calculate k(v).
-10
Let g(b) = -1 + b - 10*b**2 + b - 2*b + b. What is g(1)?
-10
Let a(t) = 2*t + 1. Let y be a(1). Let x = y - 1. Let m(b) = 9*b - 6. Let p(u) = 3*u - 2. Let k(o) = -6*m(o) + 17*p(o). Determine k(x).
-4
Let d(p) = -p**2 - p - 6. Let g(b) = -b + 2. Let q be g(0). Suppose 4*o - c = 19, q*c + 23 = 3*o + 3*c. Suppose z = o*z. Determine d(z).
-6
Let s(t) = 4*t**3 - 260*t + 5*t**3 + 259*t. Give s(-1).
-8
Let v(a) = a**3 + a**2 + 1. Let m(s) = 7*s**3 + 3*s**2 + 3*s + 3. Let q(d) = -m(d) + 5*v(d). Give q(2).
-12
Let c(a) be the third derivative of a**4/12 + a**3/6 + 27*a**2. Calculate c(1).
3
Let w(l) = 5*l**3 - 6*l**2 + 5*l + 2. Let r(n) = -6*n**3 + 6*n**2 - 5*n - 2. Let z(x) = -4*r(x) - 5*w(x). What is z(5)?
-2
Let f(s) be the first derivative of 2*s + 8/3*s**3 + 1/4*s**4 + 7/2*s**2 + 7. Determine f(-7).
2
Let l(q) be the first derivative of 0*q**2 - 4/3*q**3 - q - 3. What is l(1)?
-5
Let s be 1/1*2 + (-10)/5. Let f(j) be the third derivative of -3*j**2 + 0 - 1/15*j**5 + 1/120*j**6 - 2/3*j**3 + s*j - 5/24*j**4. What is f(5)?
-4
Let b be -1*(-2 - 1 - -2*1). Let y(o) = -15*o**3 + o - 1. Calculate y(b).
-15
Let g(p) = -3*p - 55*p**2 + 2*p + 54*p**2. Give g(-1).
0
Let z(k) = -2*k**3 - 7*k**2 + 6*k - 8. Let v(b) = 3*b**3 + 13*b**2 - 11*b + 15. Let q(c) = -3*v(c) - 5*z(c). What is q(4)?
7
Suppose -u + 5*u - 4 = 0. Let m(k) = 8*k + 13*k - 26*k. Calculat